{"id":1643,"date":"2025-04-15T13:23:50","date_gmt":"2025-04-15T13:23:50","guid":{"rendered":"https:\/\/smalandsstenarhotell.se\/?page_id=1643"},"modified":"2025-07-01T11:03:42","modified_gmt":"2025-07-01T11:03:42","slug":"trubadurfredag","status":"publish","type":"page","link":"https:\/\/smalandsstenarhotell.se\/de\/event\/trubadurfredag\/","title":{"rendered":"Troubadour-Freitag"},"content":{"rendered":"<p><style>@media (min-width: 992px) { .liquid-row-responsive-69f16d361198f {padding-top:250px !important; padding-bottom:250px !important;  }  }    <\/style><section data-row-bg=\"https:\/\/smalandsstenarhotell.se\/wp-content\/uploads\/2025\/04\/trubadurfredag-bild.jpg?id=1646\" style=\"background-position:50% 25% !important;\" data-bg-image=\"url\" class=\"vc_row vc_custom_1747845441378 liquid-row-responsive-69f16d361198f liquid-row-shadowbox-69f16d36119a4 vc_row-has-fill vc_row-has-bg lqd-has-bg-markup row-bg-appended\"><span class=\"row-bg-loader\"><\/span><div class=\"row-bg-wrap\">\n\t\t<div class=\"row-bg-inner\">\n\t\t\t<figure class=\"row-bg\" ><\/figure>\n\t\t<\/div>\n\t<\/div><div class=\"liquid-row-overlay\" style=\"background:rgba(0, 0, 0, 0.25)\"><\/div><div class=\"one-row_bottom_divider\" style=\"height:96px;\"><svg fill=\"#ffffff\" xmlns=\"http:\/\/www.w3.org\/2000\/svg\" width=\"1440\" height=\"100\" viewbox=\"0 0 1440 100\" preserveaspectratio=\"none\">\n\t\t\t\t\t\t\t\t<path id=\"Row_Separator\" data-name=\"Row Separator\" d=\"M1440,0Q1080,99,720,99T0,0V100H1440Z\" \/>\n\t\t\t\t\t\t\t<\/svg><\/div><div class=\"ld-container container\"><div class=\"row ld-row ld-row-outer vc_row-o-content-middle vc_row-flex\"><style>@media (min-width: 768px) { .liquid-column-responsive-69f16d3611de6 > .vc_column-inner {margin-bottom:0px !important;  }  } <\/style><div class=\"wpb_column vc_column_container vc_col-sm-12 text-center liquid-column-69f16d3611de5 liquid-column-responsive-69f16d3611de6\"><div class=\"vc_column-inner  vc_custom_1740089444398\" ><div class=\"wpb_wrapper\"  ><style>.ld_fancy_heading_69f16d3611ee5 h1{color:rgb(255, 255, 255);}.ld_fancy_heading_69f16d3611ee5 h1 {font-size:46px; } @media (min-width: 768px) { .ld_fancy_heading_69f16d3611ee5 h1 {font-size:50px; }  } @media (min-width: 992px) { .ld_fancy_heading_69f16d3611ee5 h1 {font-size:68px; }  } @media (min-width: 992px) { .ld_fancy_heading_69f16d3611ee5 h1 {line-height:1em; }  } @media (min-width: 992px) { .ld_fancy_heading_69f16d3611ee5 h1 {--element-line-height:1em; }  } @media (min-width: 992px) { .ld_fancy_heading_69f16d3611ee5 h1 {font-weight:700; }  } .ld_fancy_heading_69f16d3611ee5 .lqd-highlight-inner{height:0.275em!important;bottom:0px!important;}.ld_fancy_heading_69f16d3611ee5 h1 {font-size:46px; } @media (min-width: 768px) { .ld_fancy_heading_69f16d3611ee5 h1 {font-size:50px; }  } @media (min-width: 992px) { .ld_fancy_heading_69f16d3611ee5 h1 {font-size:68px; }  } @media (min-width: 992px) { .ld_fancy_heading_69f16d3611ee5 h1 {line-height:1em; }  } @media (min-width: 992px) { .ld_fancy_heading_69f16d3611ee5 h1 {--element-line-height:1em; }  } @media (min-width: 992px) { .ld_fancy_heading_69f16d3611ee5 h1 {font-weight:700; }  } <\/style><div class=\"ld-fancy-heading ld_fancy_heading_69f16d3611ee5\">\n\t<h1 class=\"ld-fh-element lqd-highlight-underline lqd-highlight-grow-left text-decoration-default\"   >  Endlich wieder Troubadour-Freitag!<\/h1><\/div><\/div><\/div><\/div><\/div><\/div><\/section><style>@media (min-width: 992px) { .liquid-row-responsive-69f16d3612235 {margin-top:30px !important; padding-top:40px !important;  }  }    <\/style><section class=\"vc_row vc_custom_1741549461273 liquid-row-responsive-69f16d3612235 liquid-row-shadowbox-69f16d3612242\"><div class=\"ld-container container\"><div class=\"row ld-row ld-row-outer\"><style>@media (min-width: 992px) { .liquid-column-responsive-69f16d36124e6 > .vc_column-inner {margin-bottom:5px !important;  }  } <\/style><div class=\"wpb_column vc_column_container vc_col-sm-12 text-center text-md-left liquid-column-69f16d36124e5 liquid-column-responsive-69f16d36124e6\"><div class=\"vc_column-inner  vc_custom_1742558136958\" ><div class=\"wpb_wrapper\"  ><style>@media (min-width: 992px) { .liquid-row-responsive-69f16d3612733 {margin-bottom:20px !important;  }  }  <\/style><div class=\"vc_row vc_inner vc_row-fluid liquid-row-responsive-69f16d3612733 liquid-row-shadowbox-69f16d3612740 vc_column-gap-30\"><div class=\"ld-container container-fluid\"><div class=\"row ld-row ld-row-inner\"><div class=\"wpb_column vc_column_container vc_col-sm-6 text-left liquid-column-69f16d36129fe\"><div class=\"vc_column-inner\" ><div class=\"wpb_wrapper\" ><style>.ld_fancy_heading_69f16d3612b00 h2 {font-size:28px; } @media (min-width: 992px) { .ld_fancy_heading_69f16d3612b00 h2 {font-size:42px; }  } .ld_fancy_heading_69f16d3612b00 h2 {margin-bottom:0.35em !important;  } .ld_fancy_heading_69f16d3612b00 .lqd-highlight-inner{height:0.275em!important;bottom:0px!important;}.ld_fancy_heading_69f16d3612b00 h2 {font-size:28px; } @media (min-width: 992px) { .ld_fancy_heading_69f16d3612b00 h2 {font-size:42px; }  } .ld_fancy_heading_69f16d3612b00 h2 {margin-bottom:0.35em !important;  } <\/style><div class=\"ld-fancy-heading text-left ld_fancy_heading_69f16d3612b00\">\n\t<h2 class=\"ld-fh-element lqd-highlight-underline lqd-highlight-grow-left text-decoration-default\"   >  23\/5 Troubadour Freitag mit Christof Jepson<\/h2><\/div><style>.ld_fancy_heading_69f16d3612c5b p {padding-bottom:0px !important;  } .ld_fancy_heading_69f16d3612c5b p {margin-bottom:15px !important;  } .ld_fancy_heading_69f16d3612c5b .lqd-highlight-inner{height:0.275em!important;bottom:0px!important;}.ld_fancy_heading_69f16d3612c5b p {padding-bottom:0px !important;  } .ld_fancy_heading_69f16d3612c5b p {margin-bottom:15px !important;  } <\/style><div class=\"ld-fancy-heading text-left ld_fancy_heading_69f16d3612c5b\">\n\t<p class=\"ld-fh-element lqd-highlight-underline lqd-highlight-grow-left text-decoration-default\"   >  Diesen Freitag kommt Christof Jepson zu uns und es wird eine tolle Stimmung bis Mitternacht geben! Versammeln Sie Ihre Freunde oder Kollegen, treffen Sie neue Bekannte und lassen Sie sich von der Musik und der fr\u00f6hlichen Partystimmung mitrei\u00dfen!<\/p><\/div><div class=\"vc_separator wpb_content_element vc_separator_align_center vc_sep_width_100 vc_sep_pos_align_center vc_separator_no_text vc_sep_color_grey vc_custom_1742558072156  vc_custom_1742558072156\" ><span class=\"vc_sep_holder vc_sep_holder_l\"><span  class=\"vc_sep_line\"><\/span><\/span><span class=\"vc_sep_holder vc_sep_holder_r\"><span  class=\"vc_sep_line\"><\/span><\/span>\n<\/div><style>.ld_fancy_heading_69f16d3612f7b .lqd-highlight-inner{height:0.275em!important;bottom:0px!important;}<\/style><div class=\"ld-fancy-heading text-left ld_fancy_heading_69f16d3612f7b\">\n\t<p class=\"ld-fh-element lqd-highlight-underline lqd-highlight-grow-left text-decoration-default\"   >  <strong>Leckeres Buffet und Dessert des Abends<\/strong><br \/>\nDas Nacho-Buffet wird heute Abend zwischen 18.00 und 20.00 Uhr serviert, essen Sie, so viel Sie k\u00f6nnen!<br \/>\nNach dem Essen wird an der Kaffee- und Desserttafel Himbeermousse zum Dessert serviert.<\/p>\n<p><strong>Preis<\/strong><br \/>\n249 SEK pro Person, eine Voranmeldung f\u00fcr das Buffet ist erforderlich, um sich einen Platz zu sichern.<\/p>\n<p><strong>Sie haben einfach nur Durst und wollen mit guten Freunden abh\u00e4ngen?<\/strong><br \/>\nKommen Sie abends vorbei - wir haben von 20.00 bis 24.00 Uhr ge\u00f6ffnet und hei\u00dfen jeden willkommen, der eine tolle Nacht erleben m\u00f6chte!<\/p>\n<p><strong>Kein Eintritt, 18 Jahre alt<\/strong><\/p><\/div>\n\t<div class=\"wpb_raw_code wpb_content_element wpb_raw_html\" >\n\t\t<div class=\"wpb_wrapper\">\n\t\t\t<button data-hash=\"42ae086a817885289a2c3895bbd19716\" class=\"waiteraid-widget\">\n    <i class=\"fas fa-glass-cheers\"><\/i>\n    <span class=\"separator\"><\/span>\n    Einen Tisch reservieren\n<\/button>\n\t\t<\/div>\n\t<\/div>\n<\/div><\/div><\/div><div class=\"wpb_column vc_column_container vc_col-sm-6 liquid-column-69f16d36133b4\"><div class=\"vc_column-inner\" ><div class=\"wpb_wrapper\" >\n\t<div  class=\"wpb_single_image wpb_content_element vc_align_  liquid_vc_single_image-69f16d36137b4\">\n\t\t\n\t\t<figure class=\"wpb_wrapper vc_figure\">\n\t\t\t<div class=\"vc_single_image-wrapper vc_box_rounded\"><img loading=\"lazy\" decoding=\"async\" width=\"743\" height=\"1100\" src=\"https:\/\/smalandsstenarhotell.se\/wp-content\/uploads\/2025\/04\/trubadurfredag-bild2.jpg\" class=\"vc_single_image-img attachment-full\" alt=\"\" title=\"troubadour-freitag-bild2\" srcset=\"https:\/\/smalandsstenarhotell.se\/wp-content\/uploads\/2025\/04\/trubadurfredag-bild2.jpg 743w, https:\/\/smalandsstenarhotell.se\/wp-content\/uploads\/2025\/04\/trubadurfredag-bild2-203x300.jpg 203w, https:\/\/smalandsstenarhotell.se\/wp-content\/uploads\/2025\/04\/trubadurfredag-bild2-692x1024.jpg 692w, https:\/\/smalandsstenarhotell.se\/wp-content\/uploads\/2025\/04\/trubadurfredag-bild2-8x12.jpg 8w\" sizes=\"auto, (max-width: 743px) 100vw, 743px\" \/><\/div>\n\t\t<\/figure>\n\t<\/div>\n<\/div><\/div><\/div><\/div><\/div><\/div><\/div><\/div><\/div><\/div><\/div><\/section>","protected":false},"excerpt":{"rendered":"\u00c4ntligen trubadurfredag igen! 23\/5 Trubadurfredag med Christof Jepson Denna fredag kommer Christof Jepson till oss och det kommer att bli h\u00e4rlig st\u00e4mning fram till midnatt! Samla kompisarna eller kollegorna, tr\u00e4ffa nya bekantskaper, och l\u00e5t dig svepas med i musiken och den glada festst\u00e4mningen! Kv\u00e4llens h\u00e4rliga buff\u00e9 och dessert Kv\u00e4llens nachobuff\u00e9 st\u00e5r uppdukad mellan 18.00 och [...]","protected":false},"author":1,"featured_media":1187,"parent":1378,"menu_order":0,"comment_status":"closed","ping_status":"closed","template":"","meta":{"footnotes":""},"class_list":["post-1643","page","type-page","status-publish","has-post-thumbnail","hentry"],"_links":{"self":[{"href":"https:\/\/smalandsstenarhotell.se\/de\/wp-json\/wp\/v2\/pages\/1643","targetHints":{"allow":["GET"]}}],"collection":[{"href":"https:\/\/smalandsstenarhotell.se\/de\/wp-json\/wp\/v2\/pages"}],"about":[{"href":"https:\/\/smalandsstenarhotell.se\/de\/wp-json\/wp\/v2\/types\/page"}],"author":[{"embeddable":true,"href":"https:\/\/smalandsstenarhotell.se\/de\/wp-json\/wp\/v2\/users\/1"}],"replies":[{"embeddable":true,"href":"https:\/\/smalandsstenarhotell.se\/de\/wp-json\/wp\/v2\/comments?post=1643"}],"version-history":[{"count":3,"href":"https:\/\/smalandsstenarhotell.se\/de\/wp-json\/wp\/v2\/pages\/1643\/revisions"}],"predecessor-version":[{"id":2454,"href":"https:\/\/smalandsstenarhotell.se\/de\/wp-json\/wp\/v2\/pages\/1643\/revisions\/2454"}],"up":[{"embeddable":true,"href":"https:\/\/smalandsstenarhotell.se\/de\/wp-json\/wp\/v2\/pages\/1378"}],"wp:featuredmedia":[{"embeddable":true,"href":"https:\/\/smalandsstenarhotell.se\/de\/wp-json\/wp\/v2\/media\/1187"}],"wp:attachment":[{"href":"https:\/\/smalandsstenarhotell.se\/de\/wp-json\/wp\/v2\/media?parent=1643"}],"curies":[{"name":"wp","href":"https:\/\/api.w.org\/{rel}","templated":true}]}}

<p><style>@media (min-width: 992px) { .liquid-row-responsive-69f16d361198f {padding-top:250px !important; padding-bottom:250px !important;  }  }    </style><section data-row-bg="https://smalandsstenarhotell.se/wp-content/uploads/2025/04/trubadurfredag-bild.jpg?id=1646" style="background-position:50% 25% !important;" data-bg-image="url" class="vc_row vc_custom_1747845441378 liquid-row-responsive-69f16d361198f liquid-row-shadowbox-69f16d36119a4 vc_row-has-fill vc_row-has-bg lqd-has-bg-markup row-bg-appended"><span class="row-bg-loader"></span><div class="row-bg-wrap">
		<div class="row-bg-inner">
			<figure class="row-bg" ></figure>
		</div>
	</div><div class="liquid-row-overlay" style="background:rgba(0, 0, 0, 0.25)"></div><div class="one-row_bottom_divider" style="height:96px;"><svg fill="#ffffff" xmlns="http://www.w3.org/2000/svg" width="1440" height="100" viewbox="0 0 1440 100" preserveaspectratio="none">
								<path id="Row_Separator" data-name="Row Separator" d="M1440,0Q1080,99,720,99T0,0V100H1440Z" />
							</svg></div><div class="ld-container container"><div class="row ld-row ld-row-outer vc_row-o-content-middle vc_row-flex"><style>@media (min-width: 768px) { .liquid-column-responsive-69f16d3611de6 > .vc_column-inner {margin-bottom:0px !important;  }  } </style><div class="wpb_column vc_column_container vc_col-sm-12 text-center liquid-column-69f16d3611de5 liquid-column-responsive-69f16d3611de6"><div class="vc_column-inner  vc_custom_1740089444398" ><div class="wpb_wrapper"  ><style>.ld_fancy_heading_69f16d3611ee5 h1{color:rgb(255, 255, 255);}.ld_fancy_heading_69f16d3611ee5 h1 {font-size:46px; } @media (min-width: 768px) { .ld_fancy_heading_69f16d3611ee5 h1 {font-size:50px; }  } @media (min-width: 992px) { .ld_fancy_heading_69f16d3611ee5 h1 {font-size:68px; }  } @media (min-width: 992px) { .ld_fancy_heading_69f16d3611ee5 h1 {line-height:1em; }  } @media (min-width: 992px) { .ld_fancy_heading_69f16d3611ee5 h1 {--element-line-height:1em; }  } @media (min-width: 992px) { .ld_fancy_heading_69f16d3611ee5 h1 {font-weight:700; }  } .ld_fancy_heading_69f16d3611ee5 .lqd-highlight-inner{height:0.275em!important;bottom:0px!important;}.ld_fancy_heading_69f16d3611ee5 h1 {font-size:46px; } @media (min-width: 768px) { .ld_fancy_heading_69f16d3611ee5 h1 {font-size:50px; }  } @media (min-width: 992px) { .ld_fancy_heading_69f16d3611ee5 h1 {font-size:68px; }  } @media (min-width: 992px) { .ld_fancy_heading_69f16d3611ee5 h1 {line-height:1em; }  } @media (min-width: 992px) { .ld_fancy_heading_69f16d3611ee5 h1 {--element-line-height:1em; }  } @media (min-width: 992px) { .ld_fancy_heading_69f16d3611ee5 h1 {font-weight:700; }  } </style><div class="ld-fancy-heading ld_fancy_heading_69f16d3611ee5">
	<h1 class="ld-fh-element lqd-highlight-underline lqd-highlight-grow-left text-decoration-default"   >  Endlich wieder Troubadour-Freitag!</h1></div></div></div></div></div></div></section><style>@media (min-width: 992px) { .liquid-row-responsive-69f16d3612235 {margin-top:30px !important; padding-top:40px !important;  }  }    </style><section class="vc_row vc_custom_1741549461273 liquid-row-responsive-69f16d3612235 liquid-row-shadowbox-69f16d3612242"><div class="ld-container container"><div class="row ld-row ld-row-outer"><style>@media (min-width: 992px) { .liquid-column-responsive-69f16d36124e6 > .vc_column-inner {margin-bottom:5px !important;  }  } </style><div class="wpb_column vc_column_container vc_col-sm-12 text-center text-md-left liquid-column-69f16d36124e5 liquid-column-responsive-69f16d36124e6"><div class="vc_column-inner  vc_custom_1742558136958" ><div class="wpb_wrapper"  ><style>@media (min-width: 992px) { .liquid-row-responsive-69f16d3612733 {margin-bottom:20px !important;  }  }  </style><div class="vc_row vc_inner vc_row-fluid liquid-row-responsive-69f16d3612733 liquid-row-shadowbox-69f16d3612740 vc_column-gap-30"><div class="ld-container container-fluid"><div class="row ld-row ld-row-inner"><div class="wpb_column vc_column_container vc_col-sm-6 text-left liquid-column-69f16d36129fe"><div class="vc_column-inner" ><div class="wpb_wrapper" ><style>.ld_fancy_heading_69f16d3612b00 h2 {font-size:28px; } @media (min-width: 992px) { .ld_fancy_heading_69f16d3612b00 h2 {font-size:42px; }  } .ld_fancy_heading_69f16d3612b00 h2 {margin-bottom:0.35em !important;  } .ld_fancy_heading_69f16d3612b00 .lqd-highlight-inner{height:0.275em!important;bottom:0px!important;}.ld_fancy_heading_69f16d3612b00 h2 {font-size:28px; } @media (min-width: 992px) { .ld_fancy_heading_69f16d3612b00 h2 {font-size:42px; }  } .ld_fancy_heading_69f16d3612b00 h2 {margin-bottom:0.35em !important;  } </style><div class="ld-fancy-heading text-left ld_fancy_heading_69f16d3612b00">
	<h2 class="ld-fh-element lqd-highlight-underline lqd-highlight-grow-left text-decoration-default"   >  23/5 Troubadour Freitag mit Christof Jepson</h2></div><style>.ld_fancy_heading_69f16d3612c5b p {padding-bottom:0px !important;  } .ld_fancy_heading_69f16d3612c5b p {margin-bottom:15px !important;  } .ld_fancy_heading_69f16d3612c5b .lqd-highlight-inner{height:0.275em!important;bottom:0px!important;}.ld_fancy_heading_69f16d3612c5b p {padding-bottom:0px !important;  } .ld_fancy_heading_69f16d3612c5b p {margin-bottom:15px !important;  } </style><div class="ld-fancy-heading text-left ld_fancy_heading_69f16d3612c5b">
	<p class="ld-fh-element lqd-highlight-underline lqd-highlight-grow-left text-decoration-default"   >  Diesen Freitag kommt Christof Jepson zu uns und es wird eine tolle Stimmung bis Mitternacht geben! Versammeln Sie Ihre Freunde oder Kollegen, treffen Sie neue Bekannte und lassen Sie sich von der Musik und der fröhlichen Partystimmung mitreißen!</p></div><div class="vc_separator wpb_content_element vc_separator_align_center vc_sep_width_100 vc_sep_pos_align_center vc_separator_no_text vc_sep_color_grey vc_custom_1742558072156  vc_custom_1742558072156" ><span class="vc_sep_holder vc_sep_holder_l"><span  class="vc_sep_line"></span></span><span class="vc_sep_holder vc_sep_holder_r"><span  class="vc_sep_line"></span></span>
</div><style>.ld_fancy_heading_69f16d3612f7b .lqd-highlight-inner{height:0.275em!important;bottom:0px!important;}</style><div class="ld-fancy-heading text-left ld_fancy_heading_69f16d3612f7b">
	<p class="ld-fh-element lqd-highlight-underline lqd-highlight-grow-left text-decoration-default"   >  <strong>Leckeres Buffet und Dessert des Abends</strong><br />
Das Nacho-Buffet wird heute Abend zwischen 18.00 und 20.00 Uhr serviert, essen Sie, so viel Sie können!<br />
Nach dem Essen wird an der Kaffee- und Desserttafel Himbeermousse zum Dessert serviert.</p>
<p><strong>Preis</strong><br />
249 SEK pro Person, eine Voranmeldung für das Buffet ist erforderlich, um sich einen Platz zu sichern.</p>
<p><strong>Sie haben einfach nur Durst und wollen mit guten Freunden abhängen?</strong><br />
Kommen Sie abends vorbei - wir haben von 20.00 bis 24.00 Uhr geöffnet und heißen jeden willkommen, der eine tolle Nacht erleben möchte!</p>
<p><strong>Kein Eintritt, 18 Jahre alt</strong></p></div>
	<div class="wpb_raw_code wpb_content_element wpb_raw_html" >
		<div class="wpb_wrapper">
			<button data-hash="42ae086a817885289a2c3895bbd19716" class="waiteraid-widget">
    <i class="fas fa-glass-cheers"></i>
    <span class="separator"></span>
    Einen Tisch reservieren
</button>
		</div>
	</div>
</div></div></div><div class="wpb_column vc_column_container vc_col-sm-6 liquid-column-69f16d36133b4"><div class="vc_column-inner" ><div class="wpb_wrapper" >
	<div  class="wpb_single_image wpb_content_element vc_align_  liquid_vc_single_image-69f16d36137b4">
		
		<figure class="wpb_wrapper vc_figure">
			<div class="vc_single_image-wrapper vc_box_rounded"><img loading="lazy" decoding="async" width="743" height="1100" src="https://smalandsstenarhotell.se/wp-content/uploads/2025/04/trubadurfredag-bild2.jpg" class="vc_single_image-img attachment-full" alt="" title="troubadour-freitag-bild2" srcset="https://smalandsstenarhotell.se/wp-content/uploads/2025/04/trubadurfredag-bild2.jpg 743w, https://smalandsstenarhotell.se/wp-content/uploads/2025/04/trubadurfredag-bild2-203x300.jpg 203w, https://smalandsstenarhotell.se/wp-content/uploads/2025/04/trubadurfredag-bild2-692x1024.jpg 692w, https://smalandsstenarhotell.se/wp-content/uploads/2025/04/trubadurfredag-bild2-8x12.jpg 8w" sizes="auto, (max-width: 743px) 100vw, 743px" /></div>
		</figure>
	</div>
</div></div></div></div></div></div></div></div></div></div></div></section>

Äntligen trubadurfredag igen! 23/5 Trubadurfredag med Christof Jepson Denna fredag kommer Christof Jepson till oss och det kommer att bli härlig stämning fram till midnatt! Samla kompisarna eller kollegorna, träffa nya bekantskaper, och låt dig svepas med i musiken och den glada feststämningen! Kvällens härliga buffé och dessert Kvällens nachobuffé står uppdukad mellan 18.00 och [...]
